{"id":10,"date":"2017-09-18T15:56:27","date_gmt":"2017-09-18T18:56:27","guid":{"rendered":"http:\/\/www.divamaq.com.br\/site\/?page_id=10"},"modified":"2018-05-09T15:28:42","modified_gmt":"2018-05-09T18:28:42","slug":"home","status":"publish","type":"page","link":"https:\/\/www.divamaq.com.br\/site\/","title":{"rendered":"HOME"},"content":{"rendered":"<p>Especializada na produ\u00e7\u00e3o de M\u00e1quinas para Embalar, Cortadeiras, Sistemas de Movimenta\u00e7\u00e3o, Transportadores e Fim de Linha, a Divamaq abrange uma gama de produtos para diversos segmentos, oferecendo aos seus clientes o Desenvolvimento de Projetos Espec\u00edficos de acordo com suas necessidades.<\/p>\n<\/p>\n<p>A empacotadeira (celofanadeira) MultiPacker P502 desenvolvida para empacotar produtos individuais ou agrupados atrav\u00e9s do sistema Overwrapping, utiliza bobina de filme termo sold\u00e1vel tais como: polietileno (PEBD \/ PEAD), BOPP e laminados.<\/p>\n<p>Os equipamentos de final de linha como a\u00a0Encaixotadora Pick and Place, foi desenvolvido para encaixotar produtos atrav\u00e9s de sistema de v\u00e1cuo ou por bra\u00e7o (pick and place) &#8230;<\/p>\n<p>Desenvolvida para empacotar produtos individuais ou agrupados atrav\u00e9s do sistema Overwrapping, utiliza bobina de filme termo sold\u00e1vel tais como: polietileno (PEBD \/ PEAD), BOPP e laminados&#8230;<\/p>\n<p>A Divamaq desenvolve e fabrica estampos para a produ\u00e7\u00e3o de sabonetes. Entre em contato com nossa equipe de vendedores. Mais de 30 anos de experi\u00eancia para atender com qualidade a sua empresa.<\/p>\n<p>SERVI\u00c7OS<\/p>\n<p>Desenvolvimento de Projetos<\/p>\n<p>Usinagem, Montagem e Manuten\u00e7\u00e3o<\/p>\n<p>Reformas e Retrofit<\/p>\n<p>Assist\u00eancia T\u00e9cnica<\/p>\n<p>VER<\/p>\n<p><!-- {\"name\":\"\",\"type\":\"layout\",\"children\":[{\"name\":\"\",\"type\":\"section\",\"props\":{\"style\":\"default\",\"width\":\"\",\"vertical_align\":\"middle\",\"title_position\":\"top-left\",\"title_rotation\":\"left\",\"title_breakpoint\":\"xl\",\"image_position\":\"center-center\",\"padding\":\"none\",\"height\":\"section\"},\"children\":[{\"name\":\"\",\"type\":\"row\",\"props\":{\"fixed_width\":\"large\",\"breakpoint\":\"m\",\"layout\":\"1-1\"},\"children\":[{\"name\":\"\",\"type\":\"column\",\"props\":{\"widths\":[\"1-1\"],\"image_position\":\"center-center\"},\"children\":[{\"name\":\"\",\"type\":\"slideshow\",\"props\":{\"show_title\":true,\"show_meta\":true,\"show_content\":true,\"show_link\":true,\"show_thumbnail\":true,\"slideshow_min_height\":700,\"slideshow_autoplay_pause\":true,\"nav\":\"dotnav\",\"nav_position\":\"bottom-center\",\"nav_position_margin\":\"medium\",\"nav_align\":\"center\",\"nav_breakpoint\":\"s\",\"thumbnav_width\":\"100\",\"thumbnav_height\":\"75\",\"slidenav\":\"bottom-right\",\"slidenav_margin\":\"medium\",\"slidenav_breakpoint\":\"s\",\"slidenav_outside_breakpoint\":\"xl\",\"overlay_position\":\"center-left\",\"overlay_animation\":\"parallax\",\"title_element\":\"h3\",\"meta_style\":\"meta\",\"meta_align\":\"bottom\",\"link_text\":\"Read more\",\"link_style\":\"primary\",\"margin\":\"default\",\"overlay_style\":\"tile-primary\",\"overlay_width\":\"medium\",\"title_style\":\"h4\",\"title_decoration\":\"divider\",\"text_align\":\"\",\"maxwidth\":\"\",\"overlay_margin\":\"large\",\"link_size\":\"large\",\"overlay_padding\":\"\",\"overlay_container\":\"default\",\"overlay_container_padding\":\"large\",\"slidenav_large\":true,\"slidenav_hover\":true,\"slideshow_autoplay\":true,\"slideshow_height\":\"percent\"},\"children\":[{\"name\":\"\",\"type\":\"slideshow_item\",\"props\":{\"image\":\"wp-content\\\/uploads\\\/2018\\\/02\\\/showcase-003-3.jpg\",\"title\":\"SEMPRE UMA SOLU\\u00c7\\u00c3O\",\"content\":\"\n\n<p>Especializada na produ\\u00e7\\u00e3o de M\\u00e1quinas para Embalar, Cortadeiras, Sistemas de Movimenta\\u00e7\\u00e3o, Transportadores e Fim de Linha, a Divamaq abrange uma gama de produtos para diversos segmentos, oferecendo aos seus clientes o Desenvolvimento de Projetos Espec\\u00edficos de acordo com suas necessidades.<\\\/p>\",\"link\":\"divamaq\\\/\",\"link_text\":\"CONHE\\u00c7A MAIS\"}},{\"name\":\"\",\"type\":\"slideshow_item\",\"props\":{\"image\":\"wp-content\\\/uploads\\\/2018\\\/04\\\/showcase-004.jpg\",\"content\":\"\n\n<p><img src=\\\"http:\\\/\\\/www.divamaq.com.br\\\/site\\\/wp-content\\\/uploads\\\/2018\\\/02\\\/img-diva-30-2.png\\\" \\\/><\\\/p>\"}},{\"name\":\"\",\"type\":\"slideshow_item\",\"props\":{\"title\":\"Empacotadeira MultiPacker P502\",\"image\":\"wp-content\\\/uploads\\\/2018\\\/04\\\/showcases-novo-1-1.jpg\",\"content\":\"\n\n<p>A empacotadeira (celofanadeira) MultiPacker P502 desenvolvida para empacotar produtos individuais ou agrupados atrav\\u00e9s do sistema Overwrapping, utiliza bobina de filme termo sold\\u00e1vel tais como: polietileno (PEBD \\\/ PEAD), BOPP e laminados.<\\\/p>\",\"link\":\"2017\\\/09\\\/20\\\/empacotadeira-multipacker-p502\\\/\",\"link_text\":\"VEJA MAIS\"}}]}]}]}]},{\"name\":\"\",\"type\":\"section\",\"props\":{\"style\":\"default\",\"width\":\"default\",\"vertical_align\":\"middle\",\"title_position\":\"top-left\",\"title_rotation\":\"left\",\"title_breakpoint\":\"xl\",\"image_position\":\"center-center\",\"padding\":\"small\"},\"children\":[{\"name\":\"\",\"type\":\"row\",\"props\":{\"fixed_width\":\"large\",\"breakpoint\":\"m\",\"layout\":\",,\",\"match\":true},\"children\":[{\"name\":\"\",\"type\":\"column\",\"props\":{\"widths\":[\"\"],\"image_position\":\"center-center\"},\"children\":[{\"name\":\"\",\"type\":\"panel\",\"props\":{\"link_text\":\"CONHE\\u00c7A MAIS\",\"title_element\":\"h4\",\"meta_style\":\"h6\",\"meta_align\":\"bottom\",\"icon_ratio\":4,\"image_align\":\"top\",\"image_grid_width\":\"1-2\",\"image_breakpoint\":\"m\",\"link_style\":\"primary\",\"margin\":\"default\",\"title\":\"ENCAIXOTADORA PICK AND PLACE\",\"meta\":\"EQUIPAMENTOS\",\"content\":\"\n\n<p>Os equipamentos de final de linha como a\\u00a0<strong>Encaixotadora Pick and Place<\\\/strong>, foi desenvolvido para encaixotar produtos atrav\\u00e9s de sistema de v\\u00e1cuo ou por bra\\u00e7o (pick and place) ...<\\\/p>\",\"image\":\"wp-content\\\/uploads\\\/2018\\\/04\\\/maquina-encaixotadora-pick-and-place-3D.jpg\",\"link\":\"http:\\\/\\\/www.divamaq.com.br\\\/site\\\/encaixotadora-pick-and-place\\\/\",\"panel_style\":\"card-default\",\"title_style\":\"h4\",\"meta_margin\":\"remove\",\"title_color\":\"primary\",\"link_size\":\"small\",\"text_align\":\"center\",\"panel_size\":\"\"}}]},{\"name\":\"\",\"type\":\"column\",\"props\":{\"widths\":[\"\"],\"image_position\":\"center-center\"},\"children\":[{\"name\":\"\",\"type\":\"panel\",\"props\":{\"link_text\":\"CONHE\\u00c7A MAIS\",\"title_element\":\"h4\",\"meta_style\":\"h6\",\"meta_align\":\"bottom\",\"icon_ratio\":4,\"image_align\":\"top\",\"image_grid_width\":\"1-2\",\"image_breakpoint\":\"m\",\"link_style\":\"primary\",\"margin\":\"default\",\"title\":\"EMPACOTADEIRA MULTIPACKER P502\",\"meta\":\"EQUIPAMENTOS\",\"content\":\"\n\n<p>Desenvolvida para empacotar produtos individuais ou agrupados atrav\\u00e9s do sistema Overwrapping, utiliza bobina de filme termo sold\\u00e1vel tais como: polietileno (PEBD \\\/ PEAD), BOPP e laminados...<\\\/p>\",\"image\":\"wp-content\\\/uploads\\\/2018\\\/04\\\/maquina-Empacotadeira-MultiPacker-P502-3D.jpg\",\"link\":\"http:\\\/\\\/www.divamaq.com.br\\\/site\\\/empacotadeira-multipacker-p502\\\/\",\"panel_style\":\"card-default\",\"title_style\":\"h4\",\"meta_margin\":\"remove\",\"title_color\":\"primary\",\"link_size\":\"small\",\"text_align\":\"center\",\"panel_size\":\"\"}}]},{\"name\":\"\",\"type\":\"column\",\"props\":{\"widths\":[\"\"],\"image_position\":\"center-center\"},\"children\":[{\"name\":\"\",\"type\":\"panel\",\"props\":{\"link_text\":\"CONHE\\u00c7A MAIS\",\"title_element\":\"h4\",\"meta_style\":\"h6\",\"meta_align\":\"bottom\",\"icon_ratio\":4,\"image_align\":\"top\",\"image_grid_width\":\"1-2\",\"image_breakpoint\":\"m\",\"link_style\":\"primary\",\"margin\":\"default\",\"title\":\"ESTAMPOS\",\"meta\":\"ACESS\\u00d3RIOS\",\"content\":\"\n\n<p>A Divamaq desenvolve e fabrica estampos para a produ\\u00e7\\u00e3o de sabonetes. Entre em contato com nossa equipe de vendedores. Mais de 30 anos de experi\\u00eancia para atender com qualidade a sua empresa.<\\\/p>\",\"image\":\"wp-content\\\/uploads\\\/2017\\\/09\\\/divamaq-estampos.jpg\",\"link\":\"http:\\\/\\\/www.divamaq.com.br\\\/site\\\/estampos\\\/\",\"panel_style\":\"card-default\",\"title_style\":\"h4\",\"meta_margin\":\"remove\",\"title_color\":\"primary\",\"link_size\":\"small\",\"text_align\":\"center\",\"panel_size\":\"\"}}]}]}]},{\"name\":\"\",\"type\":\"section\",\"props\":{\"style\":\"default\",\"width\":\"small\",\"vertical_align\":\"middle\",\"title_position\":\"top-left\",\"title_rotation\":\"left\",\"title_breakpoint\":\"xl\",\"image_position\":\"center-center\",\"image\":\"wp-content\\\/uploads\\\/2017\\\/09\\\/bg-servicos.jpg\",\"image_size\":\"cover\",\"media_background\":\"#093854\",\"media_blend_mode\":\"multiply\",\"text_color\":\"light\"},\"children\":[{\"name\":\"\",\"type\":\"row\",\"props\":{\"fixed_width\":\"large\",\"breakpoint\":\"s\",\"layout\":\",,\",\"divider\":false,\"vertical_align\":true,\"match\":false},\"children\":[{\"name\":\"\",\"type\":\"column\",\"props\":{\"widths\":[\"\"],\"image_position\":\"center-center\"},\"children\":[{\"name\":\"\",\"type\":\"headline\",\"props\":{\"title_element\":\"h2\",\"content\":\"SERVI\\u00c7OS\",\"text_align\":\"right\",\"text_align_breakpoint\":\"s\",\"text_align_fallback\":\"center\"}}]},{\"name\":\"\",\"type\":\"column\",\"props\":{\"widths\":[\"\"],\"image_position\":\"center-center\",\"style\":\"\",\"padding\":\"xsmall\",\"css\":\".uk-text-center.uk-list {\\nborder: 1px solid rgba(255,255,255,0.5);\\npadding: 20px;\\n}\"},\"children\":[{\"name\":\"\",\"type\":\"list\",\"props\":{\"show_image\":true,\"show_link\":true,\"image_align\":\"left\",\"text_align\":\"center\"},\"children\":[{\"name\":\"\",\"type\":\"list_item\",\"props\":{\"content\":\"Desenvolvimento de Projetos\",\"icon\":\"\"}},{\"name\":\"\",\"type\":\"list_item\",\"props\":{\"content\":\"Usinagem, Montagem e Manuten\\u00e7\\u00e3o\",\"icon\":\"\"}},{\"name\":\"\",\"type\":\"list_item\",\"props\":{\"content\":\"Reformas e Retrofit\",\"icon\":\"\"}},{\"name\":\"\",\"type\":\"list_item\",\"props\":{\"content\":\"Assist\\u00eancia T\\u00e9cnica\",\"icon\":\"\"}}]}]},{\"name\":\"\",\"type\":\"column\",\"props\":{\"widths\":[\"\"],\"image_position\":\"center-center\"},\"children\":[{\"name\":\"\",\"type\":\"button\",\"props\":{\"gutter\":\"small\",\"margin\":\"default\",\"text_align\":\"left\",\"text_align_breakpoint\":\"s\",\"text_align_fallback\":\"center\"},\"children\":[{\"name\":\"\",\"type\":\"button_item\",\"props\":{\"button_style\":\"default\",\"icon_align\":\"right\",\"link\":\"http:\\\/\\\/www.divamaq.com.br\\\/site\\\/servicos\\\/\",\"content\":\"VER\",\"icon\":\"plus\"}}]}]}]}]}]} --><\/p>\n","protected":false},"excerpt":{"rendered":"<p>Especializada na produ\u00e7\u00e3o de M\u00e1quinas para Embalar, Cortadeiras, Sistemas de Movimenta\u00e7\u00e3o, Transportadores e Fim de Linha, a Divamaq abrange uma gama de produtos para diversos segmentos, oferecendo aos seus clientes o Desenvolvimento de Projetos Espec\u00edficos de acordo com suas necessidades. A empacotadeira (celofanadeira) MultiPacker P502 desenvolvida para empacotar produtos individuais ou agrupados atrav\u00e9s do sistema [&hellip;]<\/p>\n","protected":false},"author":2,"featured_media":0,"parent":0,"menu_order":0,"comment_status":"closed","ping_status":"closed","template":"","meta":{"footnotes":""},"class_list":["post-10","page","type-page","status-publish","hentry"],"yoast_head":"<!-- This site is optimized with the Yoast SEO plugin v24.2 - https:\/\/yoast.com\/wordpress\/plugins\/seo\/ -->\n<title>HOME - Divamaq<\/title>\n<meta name=\"robots\" content=\"index, follow, max-snippet:-1, max-image-preview:large, max-video-preview:-1\" \/>\n<link rel=\"canonical\" href=\"https:\/\/www.divamaq.com.br\/site\/\" \/>\n<meta property=\"og:locale\" content=\"pt_BR\" \/>\n<meta property=\"og:type\" content=\"article\" \/>\n<meta property=\"og:title\" content=\"HOME - Divamaq\" \/>\n<meta property=\"og:description\" content=\"Especializada na produ\u00e7\u00e3o de M\u00e1quinas para Embalar, Cortadeiras, Sistemas de Movimenta\u00e7\u00e3o, Transportadores e Fim de Linha, a Divamaq abrange uma gama de produtos para diversos segmentos, oferecendo aos seus clientes o Desenvolvimento de Projetos Espec\u00edficos de acordo com suas necessidades. A empacotadeira (celofanadeira) MultiPacker P502 desenvolvida para empacotar produtos individuais ou agrupados atrav\u00e9s do sistema [&hellip;]\" \/>\n<meta property=\"og:url\" content=\"https:\/\/www.divamaq.com.br\/site\/\" \/>\n<meta property=\"og:site_name\" content=\"Divamaq\" \/>\n<meta property=\"article:publisher\" content=\"https:\/\/www.facebook.com\/divamaq\/\" \/>\n<meta property=\"article:modified_time\" content=\"2018-05-09T18:28:42+00:00\" \/>\n<meta name=\"twitter:card\" content=\"summary_large_image\" \/>\n<meta name=\"twitter:label1\" content=\"Est. tempo de leitura\" \/>\n\t<meta name=\"twitter:data1\" content=\"1 minuto\" \/>\n<script type=\"application\/ld+json\" class=\"yoast-schema-graph\">{\"@context\":\"https:\/\/schema.org\",\"@graph\":[{\"@type\":\"WebPage\",\"@id\":\"https:\/\/www.divamaq.com.br\/site\/\",\"url\":\"https:\/\/www.divamaq.com.br\/site\/\",\"name\":\"HOME - Divamaq\",\"isPartOf\":{\"@id\":\"https:\/\/www.divamaq.com.br\/site\/#website\"},\"datePublished\":\"2017-09-18T18:56:27+00:00\",\"dateModified\":\"2018-05-09T18:28:42+00:00\",\"breadcrumb\":{\"@id\":\"https:\/\/www.divamaq.com.br\/site\/#breadcrumb\"},\"inLanguage\":\"pt-BR\",\"potentialAction\":[{\"@type\":\"ReadAction\",\"target\":[\"https:\/\/www.divamaq.com.br\/site\/\"]}]},{\"@type\":\"BreadcrumbList\",\"@id\":\"https:\/\/www.divamaq.com.br\/site\/#breadcrumb\",\"itemListElement\":[{\"@type\":\"ListItem\",\"position\":1,\"name\":\"In\u00edcio\",\"item\":\"https:\/\/www.divamaq.com.br\/site\/\"},{\"@type\":\"ListItem\",\"position\":2,\"name\":\"HOME\"}]},{\"@type\":\"WebSite\",\"@id\":\"https:\/\/www.divamaq.com.br\/site\/#website\",\"url\":\"https:\/\/www.divamaq.com.br\/site\/\",\"name\":\"Divamaq\",\"description\":\"Sempre uma Solu\u00e7\u00e3o\",\"publisher\":{\"@id\":\"https:\/\/www.divamaq.com.br\/site\/#organization\"},\"potentialAction\":[{\"@type\":\"SearchAction\",\"target\":{\"@type\":\"EntryPoint\",\"urlTemplate\":\"https:\/\/www.divamaq.com.br\/site\/?s={search_term_string}\"},\"query-input\":{\"@type\":\"PropertyValueSpecification\",\"valueRequired\":true,\"valueName\":\"search_term_string\"}}],\"inLanguage\":\"pt-BR\"},{\"@type\":\"Organization\",\"@id\":\"https:\/\/www.divamaq.com.br\/site\/#organization\",\"name\":\"Divamaq - M\u00e1quinas para Embalar, Cortadeiras, Sistemas de Movimenta\u00e7\u00e3o, Transportadores e Fim de Linha\",\"url\":\"https:\/\/www.divamaq.com.br\/site\/\",\"logo\":{\"@type\":\"ImageObject\",\"inLanguage\":\"pt-BR\",\"@id\":\"https:\/\/www.divamaq.com.br\/site\/#\/schema\/logo\/image\/\",\"url\":\"https:\/\/www.divamaq.com.br\/site\/wp-content\/uploads\/2017\/09\/dmq-logo-cor-mobile.png\",\"contentUrl\":\"https:\/\/www.divamaq.com.br\/site\/wp-content\/uploads\/2017\/09\/dmq-logo-cor-mobile.png\",\"width\":120,\"height\":30,\"caption\":\"Divamaq - M\u00e1quinas para Embalar, Cortadeiras, Sistemas de Movimenta\u00e7\u00e3o, Transportadores e Fim de Linha\"},\"image\":{\"@id\":\"https:\/\/www.divamaq.com.br\/site\/#\/schema\/logo\/image\/\"},\"sameAs\":[\"https:\/\/www.facebook.com\/divamaq\/\",\"https:\/\/www.youtube.com\/user\/divamaq\/featured\"]}]}<\/script>\n<!-- \/ Yoast SEO plugin. -->","yoast_head_json":{"title":"HOME - Divamaq","robots":{"index":"index","follow":"follow","max-snippet":"max-snippet:-1","max-image-preview":"max-image-preview:large","max-video-preview":"max-video-preview:-1"},"canonical":"https:\/\/www.divamaq.com.br\/site\/","og_locale":"pt_BR","og_type":"article","og_title":"HOME - Divamaq","og_description":"Especializada na produ\u00e7\u00e3o de M\u00e1quinas para Embalar, Cortadeiras, Sistemas de Movimenta\u00e7\u00e3o, Transportadores e Fim de Linha, a Divamaq abrange uma gama de produtos para diversos segmentos, oferecendo aos seus clientes o Desenvolvimento de Projetos Espec\u00edficos de acordo com suas necessidades. A empacotadeira (celofanadeira) MultiPacker P502 desenvolvida para empacotar produtos individuais ou agrupados atrav\u00e9s do sistema [&hellip;]","og_url":"https:\/\/www.divamaq.com.br\/site\/","og_site_name":"Divamaq","article_publisher":"https:\/\/www.facebook.com\/divamaq\/","article_modified_time":"2018-05-09T18:28:42+00:00","twitter_card":"summary_large_image","twitter_misc":{"Est. tempo de leitura":"1 minuto"},"schema":{"@context":"https:\/\/schema.org","@graph":[{"@type":"WebPage","@id":"https:\/\/www.divamaq.com.br\/site\/","url":"https:\/\/www.divamaq.com.br\/site\/","name":"HOME - Divamaq","isPartOf":{"@id":"https:\/\/www.divamaq.com.br\/site\/#website"},"datePublished":"2017-09-18T18:56:27+00:00","dateModified":"2018-05-09T18:28:42+00:00","breadcrumb":{"@id":"https:\/\/www.divamaq.com.br\/site\/#breadcrumb"},"inLanguage":"pt-BR","potentialAction":[{"@type":"ReadAction","target":["https:\/\/www.divamaq.com.br\/site\/"]}]},{"@type":"BreadcrumbList","@id":"https:\/\/www.divamaq.com.br\/site\/#breadcrumb","itemListElement":[{"@type":"ListItem","position":1,"name":"In\u00edcio","item":"https:\/\/www.divamaq.com.br\/site\/"},{"@type":"ListItem","position":2,"name":"HOME"}]},{"@type":"WebSite","@id":"https:\/\/www.divamaq.com.br\/site\/#website","url":"https:\/\/www.divamaq.com.br\/site\/","name":"Divamaq","description":"Sempre uma Solu\u00e7\u00e3o","publisher":{"@id":"https:\/\/www.divamaq.com.br\/site\/#organization"},"potentialAction":[{"@type":"SearchAction","target":{"@type":"EntryPoint","urlTemplate":"https:\/\/www.divamaq.com.br\/site\/?s={search_term_string}"},"query-input":{"@type":"PropertyValueSpecification","valueRequired":true,"valueName":"search_term_string"}}],"inLanguage":"pt-BR"},{"@type":"Organization","@id":"https:\/\/www.divamaq.com.br\/site\/#organization","name":"Divamaq - M\u00e1quinas para Embalar, Cortadeiras, Sistemas de Movimenta\u00e7\u00e3o, Transportadores e Fim de Linha","url":"https:\/\/www.divamaq.com.br\/site\/","logo":{"@type":"ImageObject","inLanguage":"pt-BR","@id":"https:\/\/www.divamaq.com.br\/site\/#\/schema\/logo\/image\/","url":"https:\/\/www.divamaq.com.br\/site\/wp-content\/uploads\/2017\/09\/dmq-logo-cor-mobile.png","contentUrl":"https:\/\/www.divamaq.com.br\/site\/wp-content\/uploads\/2017\/09\/dmq-logo-cor-mobile.png","width":120,"height":30,"caption":"Divamaq - M\u00e1quinas para Embalar, Cortadeiras, Sistemas de Movimenta\u00e7\u00e3o, Transportadores e Fim de Linha"},"image":{"@id":"https:\/\/www.divamaq.com.br\/site\/#\/schema\/logo\/image\/"},"sameAs":["https:\/\/www.facebook.com\/divamaq\/","https:\/\/www.youtube.com\/user\/divamaq\/featured"]}]}},"_links":{"self":[{"href":"https:\/\/www.divamaq.com.br\/site\/wp-json\/wp\/v2\/pages\/10","targetHints":{"allow":["GET"]}}],"collection":[{"href":"https:\/\/www.divamaq.com.br\/site\/wp-json\/wp\/v2\/pages"}],"about":[{"href":"https:\/\/www.divamaq.com.br\/site\/wp-json\/wp\/v2\/types\/page"}],"author":[{"embeddable":true,"href":"https:\/\/www.divamaq.com.br\/site\/wp-json\/wp\/v2\/users\/2"}],"replies":[{"embeddable":true,"href":"https:\/\/www.divamaq.com.br\/site\/wp-json\/wp\/v2\/comments?post=10"}],"version-history":[{"count":26,"href":"https:\/\/www.divamaq.com.br\/site\/wp-json\/wp\/v2\/pages\/10\/revisions"}],"predecessor-version":[{"id":557,"href":"https:\/\/www.divamaq.com.br\/site\/wp-json\/wp\/v2\/pages\/10\/revisions\/557"}],"wp:attachment":[{"href":"https:\/\/www.divamaq.com.br\/site\/wp-json\/wp\/v2\/media?parent=10"}],"curies":[{"name":"wp","href":"https:\/\/api.w.org\/{rel}","templated":true}]}}